remainder when 83 is divided by b(7).
25
Let o(z) = z**3 - z**2 + 16. What is the remainder when ((-82)/2)/((-98)/294) is divided by o(0)?
11
Let t = -453 + 469. Calculate the remainder when 188 is divided by t.
12
Let x(l) = l + 2. Let b be x(4). Let y(m) = -1 - b*m + 2*m**3 + 27*m**2 - 9*m**2 - 3*m**3 - 9*m. Calculate the remainder when y(17) is divided by 18.
15
Let s(q) = 30*q**2 + 5*q + 3. Let v(o) = o**2 - 1. Let u(t) = s(t) - 2*v(t). Calculate the remainder when u(-2) is divided by 22.
19
Let l be 28/6 + 6/18. Suppose -13 - 94 = -5*f - k, -l*f + 3*k = -99. Suppose d + f = 92. Calculate the remainder when d is divided by 37.
34
Let w(u) = -7*u - 286 + 589 - 292. Let q(v) = v**2 + v - 2. Calculate the remainder when q(7) is divided by w(0).
10
Let s = -17 + 59. What is the remainder when s is divided by (-2160)/(-99) + ((-64)/(-110) - 12/30)?
20
Let r(g) = -g**3 + 7*g**2 - 2*g - 3. Calculate the remainder when r(4) is divided by (-854)/(-105) - (-14)/(-105).
5
Let o(k) = -3*k - 3 + 3*k + 47*k**2 - 2*k - k. Calculate the remainder when o(-1) is divided by 19.
9
Let h = 205 + -171. Calculate the remainder when 92 is divided by h.
24
Let c(w) = 37*w + 65. Calculate the remainder when c(0) is divided by 14*(3 + 4/(-2)).
9
Suppose 136 = 3*w - o - 285, -2*w + 3*o + 276 = 0. What is the remainder when w is divided by 72?
69
Let b = -9 - -74. Calculate the remainder when b is divided by 44.
21
Suppose 0*g - 70 = 2*g. Let u = g - -49. Suppose -2*b - 55 = 3*r - 174, -2*r + 6 = 0. What is the remainder when b is divided by u?
13
Let w = -134 + 169. Calculate the remainder when 135 is divided by w.
30
Let t = -36 - -41. What is the remainder when 100 is divided by 32 - ((-15)/t - -1)?
32
Calculate the remainder when 340 is divided by 5/(-10)*((-352)/2 - -2).
79
Let w = 418 - 253. Suppose -n + w = 4*n. What is the remainder when (2 + 0)*4*8 is divided by n?
31
Let r(l) be the first derivative of -l**2/2 - 20*l - 8. Let h be r(-8). Calculate the remainder when ((-1)/3)/(h/2268) is divided by 32.
31
Suppose -5*y + 40 = 3*i, -3*i + 4*i = y. Suppose 5*a - 2*a - 12 = 0. Suppose a*l - 14 = 3*l. Calculate the remainder when l is divided by i.
4
Let x = 81 + -25. Calculate the remainder when x is divided by 2/(-7)*-9*252/54.
8
What is the remainder when (-9 + 9585/(-18))/((-6)/4) is divided by 91?
88
Suppose -w - 242 = -23*w. What is the remainder when 182 is divided by w?
6
Suppose -3*o = -8*o + 115. Calculate the remainder when 318 is divided by o.
19
Suppose o - 23 = -5*a, -a + 3 = o - 8. Let r = 436 + -429. What is the remainder when o is divided by r?
1
Suppose -12 = -4*d, t = d - 2*d - 15. Let y(b) = 4*b + 6. Let z be y(0). What is the remainder when 74 is divided by z/t + (-116)/(-6)?
17
Let h = -19 - -32. Let t = h - 11. Suppose -18 - t = -4*f. Calculate the remainder when 13 is divided by f.
3
Let o = -625 - -1001. Suppose -2*p + 2*t = 6*t - 374, o = 2*p + 3*t. Calculate the remainder when p is divided by 32.
31
Let c(g) = -g**2 + 46*g - 424. Calculate the remainder when 264 is divided by c(24).
56
Let j be (6/(36/(-519)))/(2/4). Let y = 182 + j. What is the remainder when 1/(-2)*104/(-2) is divided by y?
8
Suppose 4*d - 16 = -4*n, -5*n + 5*d - 3 = 17. Suppose -2*k = q - 291, 0 = -k - n*k + 2*q + 158. Calculate the remainder when k is divided by 51.
46
Let l(t) = 3*t**3 - t**2 - t + 1. Let i(q) = -q**3 + 5*q**2 - 18. Let a be i(4). What is the remainder when a - 20/2*152/(-20) is divided by l(2)?
17
Suppose -4*h + 17 = -3*o + 5, 0 = -2*h + 6. Let x be ((-20)/8 + 3)*o. Suppose x*q + 30 = 5*q. Calculate the remainder when q is divided by 2.
0
Let c be -2 + -3039*(-4)/12. Suppose 4*z = -2445 - c. Calculate the remainder when z/(-9)*2/3 is divided by 22.
20
Let h(r) = -r**3 - 3*r**2 + 7*r - 1. Let u = 9 - 14. Calculate the remainder when h(u) is divided by 1/2*10*1.
4
Let w(i) = -2*i**3 - i + 6. Suppose 29 = -6*l + 11. Calculate the remainder when w(l) is divided by 13.
11
Let n = 11 + -9. Suppose 2*k = 2, -3*r + 4*k = n*k - 4. What is the remainder when (-6)/(-21) - (-52)/14 is divided by r?
0
Let f(w) = 3*w + 22. Let n be f(-7). Let d(t) = 41*t**3 + t. What is the remainder when 124 is divided by d(n)?
40
Suppose 3*k - 2 = 10. Suppose -k*u - 200 = u. Calculate the remainder when (-896)/u - (-4)/(-10) is divided by 8.
6
Suppose -4*x - 7*m + 3*m = -128, -4*m = -5*x + 205. Calculate the remainder when x is divided by 21.
16
Let u = 4497 - 4487. Let w = 253 - 145. What is the remainder when w is divided by u?
8
Let k(h) = 19*h + 187. Let g = -47 + 66. Calculate the remainder when k(-8) is divided by g.
16
Let n = 479 + -217. Calculate the remainder when n is divided by 8.
6
Let k = 5 + 9. Suppose -4*x = -32 + 12. Suppose -a - 8 = 4*u - 169, x*u = 3*a + 180. What is the remainder when u is divided by k?
11
Suppose 2*u + 35 - 2 = i, 3*i - u - 84 = 0. Calculate the remainder when i is divided by 14.
13
Suppose -3*v = 4*x - 0*v - 1462, 0 = x + 2*v - 363. Calculate the remainder when x is divided by 37.
34
Let t = 1693 - 1654. Calculate the remainder when 99 is divided by t.
21
Let b be 5 - 0 - (14 - 12). Suppose -h + b = -7. Calculate the remainder when 56 is divided by h.
6
Let q = 2277 - 1798. Calculate the remainder when q is divided by 13.
11
Suppose 0*a - 6 = 2*a, -2*q + 4*a + 32 = 0. Suppose -2*u = -0*u - 4. What is the remainder when 7/1 + (-20)/q is divided by u?
1
Calculate the remainder when 72 is divided by (6 + (-192)/30)*-5 + 29.
10
Let h(c) = -c**3 - 8*c**2 - 4*c - 19. What is the remainder when 32 is divided by h(-8)?
6
Let d(h) = 11*h**2 - 3*h + 8. Calculate the remainder when d(-4) is divided by 51.
43
Let m = 1314 + -1171. What is the remainder when m is divided by 18?
17
Suppose w + 18 = 2*z, 8*w + 16 = z + 11*w. Calculate the remainder when 55 is divided by z.
5
Suppose -44*i = -40*i - 1612. What is the remainder when i is divided by 45?
43
Suppose 3 = -n, -4*a - 3*n + 83 = -12. Calculate the remainder when 50 is divided by a.
24
Let k = -4 - -32. Suppose -4*a = 16, -4*a - 576 = -4*v - 8. Calculate the remainder when v is divided by k.
26
Calculate the remainder when 310 is divided by (2 + 144)*(-67)/(-134).
18
Calculate the remainder when 448 is divided by 69/(-253) + 332/66*9.
43
Suppose 11 = b + 4*m, 2*b + m = -37 + 94. What is the remainder when 61 is divided by b?
30
Let s = -198 - -251. Calculate the remainder when s is divided by 36.
17
Let f = 0 + 0. Let c(y) = 7*y - 48. Calculate the remainder when 1/(f + 1)*3 is divided by c(7).
0
Let z(t) = -t**2 - 15*t. Suppose f - 36 = 4*f. Calculate the remainder when 142 is divided by z(f).
34
Suppose -3*d - 5*h = 2*d - 60, -d + 2*h = 0. What is the remainder when 2/(3*(-4)/(-234)) is divided by d?
7
Let x = 14 - 9. Suppose a = -2*r + 13, 0 = 2*a - x*a - 5*r + 40. Suppose 166*d = 167*d - 4. Calculate the remainder when a is divided by d.
3
Suppose -23*r + 5 = -28*r. Calculate the remainder when 82 is divided by (-2 + r + 20)/(1 - 0).
14
Calculate the remainder when 361 is divided by ((-22)/(-3))/(62/930) + 5.
16
Suppose -23*a + 28*a + g - 142 = 0, 0 = 5*g + 15. What is the remainder when 83 is divided by a?
25
Let u be ((4 - 4)/(-1*3))/1. Suppose u = h + 3*x - 60, 0 = 5*x - 26 + 1. Calculate the remainder when h is divided by 2/(-7) - (-86)/7.
9
Calculate the remainder when (-2)/11 - 307192/(-517) is divided by 46.
42
Suppose -77 = -7*q + 42. Calculate the remainder when 13 is divided by q - 15 - (-2 - (-1 - -1)).
1
Suppose -5*c - 36 = -2*c. Let p(b) = b + 8. Let d be p(c). Let f = 2 - d. What is the remainder when f is divided by 3?
0
Let b(i) = -i**2 - i + 28. Suppose -3*l = 4*x - 36, -x + 4*l + 2 = 2*x. What is the remainder when b(0) is divided by x?
4
Let q(y) = 2*y - 2. Let u be 1 - -2 - (2 - 0). Let i be q(u). Suppose -5*g = -s - 50, -2*g - 4*s - 2 = -i*g. What is the remainder when g is divided by 4?
1
Let t(r) = -2*r**2 + r + 33. Let f = 11 - 8. Let m(n) = n**3 - 4*n**2 + 3*n. Let q be m(f). What is the remainder when 131 is divided by t(q)?
32
Suppose 0 = g - 5 - 8. Suppose 0 = 14*h - 1042 - 204. What is the remainder when h is divided by g?
11
Let z(r) = -r**2 - 9*r - 13. Let q be z(-9). Let n = q + 23. Let x = 18 - -21. What is the remainder when x is divided by n?
9
Let s be